{"id":987510540,"date":"2024-01-13T18:18:37","date_gmt":"2024-01-13T17:18:37","guid":{"rendered":"https:\/\/jaws-fishing.com\/?page_id=987510540"},"modified":"2024-01-13T18:18:41","modified_gmt":"2024-01-13T17:18:41","slug":"mention-legales","status":"publish","type":"page","link":"https:\/\/jaws-fishing.com\/index.php\/mention-legales\/","title":{"rendered":"MENTION LEGALES"},"content":{"rendered":"\n<p><strong>Mentions L\u00e9gales<\/strong><\/p>\n\n\n\n<p>HANDMADE FISHING<br>JAWS est un cr\u00e9ateur, fabricant et vendeur de mat\u00e9riel de p\u00eache.<\/p>\n\n\n\n<p>Le site web\u00a0<strong>www.<\/strong>jaws-fishing.com est \u00e9dit\u00e9 et g\u00e9r\u00e9 par :<\/p>\n\n\n\n<p><strong>JAWS SAS<\/strong><\/p>\n\n\n\n<p><br>2 Rue du Belv\u00e9d\u00e8re 05300 Laragne-Mont\u00e9glin (France)<\/p>\n\n\n\n<p><br>Email : contact@jaws-fishing.com<br>T\u00e9l. : 0647675507<br>Directeur de publication et Pr\u00e9sident :\u00a0Didier TRUPHEMUS<\/p>\n\n\n\n<p><br>H\u00e9bergeur :\u00a0OVH<br><\/p>\n\n\n\n<ul class=\"wp-block-list\" id=\"menu-menu-bas-de-page\">\n<li><\/li>\n<\/ul>\n","protected":false},"excerpt":{"rendered":"<p>Mentions L\u00e9gales HANDMADE FISHINGJAWS est un cr\u00e9ateur, fabricant et vendeur de mat\u00e9riel de p\u00eache. Le site web\u00a0www.jaws-fishing.com est \u00e9dit\u00e9 et g\u00e9r\u00e9 par : JAWS SAS 2 Rue du Belv\u00e9d\u00e8re 05300 Laragne-Mont\u00e9glin (France) Email : contact@jaws-fishing.comT\u00e9l. : 0647675507Directeur de publication et Pr\u00e9sident :\u00a0Didier TRUPHEMUS H\u00e9bergeur :\u00a0OVH<\/p>\n","protected":false},"author":1,"featured_media":0,"parent":0,"menu_order":0,"comment_status":"closed","ping_status":"closed","template":"","meta":{"_et_pb_use_builder":"off","_et_pb_old_content":"","_et_gb_content_width":"","footnotes":""},"class_list":["post-987510540","page","type-page","status-publish","hentry"],"yoast_head":"<!-- This site is optimized with the Yoast SEO plugin v25.6 - https:\/\/yoast.com\/wordpress\/plugins\/seo\/ -->\n<title>MENTION LEGALES - JAWS<\/title>\n<meta name=\"robots\" content=\"index, follow, max-snippet:-1, max-image-preview:large, max-video-preview:-1\" \/>\n<link rel=\"canonical\" href=\"https:\/\/jaws-fishing.com\/index.php\/mention-legales\/\" \/>\n<meta property=\"og:locale\" content=\"fr_FR\" \/>\n<meta property=\"og:type\" content=\"article\" \/>\n<meta property=\"og:title\" content=\"MENTION LEGALES - JAWS\" \/>\n<meta property=\"og:description\" content=\"Mentions L\u00e9gales HANDMADE FISHINGJAWS est un cr\u00e9ateur, fabricant et vendeur de mat\u00e9riel de p\u00eache. Le site web\u00a0www.jaws-fishing.com est \u00e9dit\u00e9 et g\u00e9r\u00e9 par : JAWS SAS 2 Rue du Belv\u00e9d\u00e8re 05300 Laragne-Mont\u00e9glin (France) Email : contact@jaws-fishing.comT\u00e9l. : 0647675507Directeur de publication et Pr\u00e9sident :\u00a0Didier TRUPHEMUS H\u00e9bergeur :\u00a0OVH\" \/>\n<meta property=\"og:url\" content=\"https:\/\/jaws-fishing.com\/index.php\/mention-legales\/\" \/>\n<meta property=\"og:site_name\" content=\"JAWS\" \/>\n<meta property=\"article:modified_time\" content=\"2024-01-13T17:18:41+00:00\" \/>\n<meta name=\"twitter:card\" content=\"summary_large_image\" \/>\n<meta name=\"twitter:label1\" content=\"Dur\u00e9e de lecture estim\u00e9e\" \/>\n\t<meta name=\"twitter:data1\" content=\"1 minute\" \/>\n<script type=\"application\/ld+json\" class=\"yoast-schema-graph\">{\"@context\":\"https:\/\/schema.org\",\"@graph\":[{\"@type\":\"WebPage\",\"@id\":\"https:\/\/jaws-fishing.com\/index.php\/mention-legales\/\",\"url\":\"https:\/\/jaws-fishing.com\/index.php\/mention-legales\/\",\"name\":\"MENTION LEGALES - JAWS\",\"isPartOf\":{\"@id\":\"https:\/\/jaws-fishing.com\/#website\"},\"datePublished\":\"2024-01-13T17:18:37+00:00\",\"dateModified\":\"2024-01-13T17:18:41+00:00\",\"breadcrumb\":{\"@id\":\"https:\/\/jaws-fishing.com\/index.php\/mention-legales\/#breadcrumb\"},\"inLanguage\":\"fr-FR\",\"potentialAction\":[{\"@type\":\"ReadAction\",\"target\":[\"https:\/\/jaws-fishing.com\/index.php\/mention-legales\/\"]}]},{\"@type\":\"BreadcrumbList\",\"@id\":\"https:\/\/jaws-fishing.com\/index.php\/mention-legales\/#breadcrumb\",\"itemListElement\":[{\"@type\":\"ListItem\",\"position\":1,\"name\":\"Accueil\",\"item\":\"https:\/\/jaws-fishing.com\/\"},{\"@type\":\"ListItem\",\"position\":2,\"name\":\"MENTION LEGALES\"}]},{\"@type\":\"WebSite\",\"@id\":\"https:\/\/jaws-fishing.com\/#website\",\"url\":\"https:\/\/jaws-fishing.com\/\",\"name\":\"JAWS\",\"description\":\"HANDMADE FISHING LURES\",\"publisher\":{\"@id\":\"https:\/\/jaws-fishing.com\/#organization\"},\"potentialAction\":[{\"@type\":\"SearchAction\",\"target\":{\"@type\":\"EntryPoint\",\"urlTemplate\":\"https:\/\/jaws-fishing.com\/?s={search_term_string}\"},\"query-input\":{\"@type\":\"PropertyValueSpecification\",\"valueRequired\":true,\"valueName\":\"search_term_string\"}}],\"inLanguage\":\"fr-FR\"},{\"@type\":\"Organization\",\"@id\":\"https:\/\/jaws-fishing.com\/#organization\",\"name\":\"JAWS\",\"url\":\"https:\/\/jaws-fishing.com\/\",\"logo\":{\"@type\":\"ImageObject\",\"inLanguage\":\"fr-FR\",\"@id\":\"https:\/\/jaws-fishing.com\/#\/schema\/logo\/image\/\",\"url\":\"https:\/\/jaws-fishing.com\/wp-content\/uploads\/2020\/12\/web-agency-logo-3.png\",\"contentUrl\":\"https:\/\/jaws-fishing.com\/wp-content\/uploads\/2020\/12\/web-agency-logo-3.png\",\"width\":200,\"height\":200,\"caption\":\"JAWS\"},\"image\":{\"@id\":\"https:\/\/jaws-fishing.com\/#\/schema\/logo\/image\/\"}}]}<\/script>\n<!-- \/ Yoast SEO plugin. -->","yoast_head_json":{"title":"MENTION LEGALES - JAWS","robots":{"index":"index","follow":"follow","max-snippet":"max-snippet:-1","max-image-preview":"max-image-preview:large","max-video-preview":"max-video-preview:-1"},"canonical":"https:\/\/jaws-fishing.com\/index.php\/mention-legales\/","og_locale":"fr_FR","og_type":"article","og_title":"MENTION LEGALES - JAWS","og_description":"Mentions L\u00e9gales HANDMADE FISHINGJAWS est un cr\u00e9ateur, fabricant et vendeur de mat\u00e9riel de p\u00eache. Le site web\u00a0www.jaws-fishing.com est \u00e9dit\u00e9 et g\u00e9r\u00e9 par : JAWS SAS 2 Rue du Belv\u00e9d\u00e8re 05300 Laragne-Mont\u00e9glin (France) Email : contact@jaws-fishing.comT\u00e9l. : 0647675507Directeur de publication et Pr\u00e9sident :\u00a0Didier TRUPHEMUS H\u00e9bergeur :\u00a0OVH","og_url":"https:\/\/jaws-fishing.com\/index.php\/mention-legales\/","og_site_name":"JAWS","article_modified_time":"2024-01-13T17:18:41+00:00","twitter_card":"summary_large_image","twitter_misc":{"Dur\u00e9e de lecture estim\u00e9e":"1 minute"},"schema":{"@context":"https:\/\/schema.org","@graph":[{"@type":"WebPage","@id":"https:\/\/jaws-fishing.com\/index.php\/mention-legales\/","url":"https:\/\/jaws-fishing.com\/index.php\/mention-legales\/","name":"MENTION LEGALES - JAWS","isPartOf":{"@id":"https:\/\/jaws-fishing.com\/#website"},"datePublished":"2024-01-13T17:18:37+00:00","dateModified":"2024-01-13T17:18:41+00:00","breadcrumb":{"@id":"https:\/\/jaws-fishing.com\/index.php\/mention-legales\/#breadcrumb"},"inLanguage":"fr-FR","potentialAction":[{"@type":"ReadAction","target":["https:\/\/jaws-fishing.com\/index.php\/mention-legales\/"]}]},{"@type":"BreadcrumbList","@id":"https:\/\/jaws-fishing.com\/index.php\/mention-legales\/#breadcrumb","itemListElement":[{"@type":"ListItem","position":1,"name":"Accueil","item":"https:\/\/jaws-fishing.com\/"},{"@type":"ListItem","position":2,"name":"MENTION LEGALES"}]},{"@type":"WebSite","@id":"https:\/\/jaws-fishing.com\/#website","url":"https:\/\/jaws-fishing.com\/","name":"JAWS","description":"HANDMADE FISHING LURES","publisher":{"@id":"https:\/\/jaws-fishing.com\/#organization"},"potentialAction":[{"@type":"SearchAction","target":{"@type":"EntryPoint","urlTemplate":"https:\/\/jaws-fishing.com\/?s={search_term_string}"},"query-input":{"@type":"PropertyValueSpecification","valueRequired":true,"valueName":"search_term_string"}}],"inLanguage":"fr-FR"},{"@type":"Organization","@id":"https:\/\/jaws-fishing.com\/#organization","name":"JAWS","url":"https:\/\/jaws-fishing.com\/","logo":{"@type":"ImageObject","inLanguage":"fr-FR","@id":"https:\/\/jaws-fishing.com\/#\/schema\/logo\/image\/","url":"https:\/\/jaws-fishing.com\/wp-content\/uploads\/2020\/12\/web-agency-logo-3.png","contentUrl":"https:\/\/jaws-fishing.com\/wp-content\/uploads\/2020\/12\/web-agency-logo-3.png","width":200,"height":200,"caption":"JAWS"},"image":{"@id":"https:\/\/jaws-fishing.com\/#\/schema\/logo\/image\/"}}]}},"_links":{"self":[{"href":"https:\/\/jaws-fishing.com\/index.php\/wp-json\/wp\/v2\/pages\/987510540","targetHints":{"allow":["GET"]}}],"collection":[{"href":"https:\/\/jaws-fishing.com\/index.php\/wp-json\/wp\/v2\/pages"}],"about":[{"href":"https:\/\/jaws-fishing.com\/index.php\/wp-json\/wp\/v2\/types\/page"}],"author":[{"embeddable":true,"href":"https:\/\/jaws-fishing.com\/index.php\/wp-json\/wp\/v2\/users\/1"}],"replies":[{"embeddable":true,"href":"https:\/\/jaws-fishing.com\/index.php\/wp-json\/wp\/v2\/comments?post=987510540"}],"version-history":[{"count":1,"href":"https:\/\/jaws-fishing.com\/index.php\/wp-json\/wp\/v2\/pages\/987510540\/revisions"}],"predecessor-version":[{"id":987510541,"href":"https:\/\/jaws-fishing.com\/index.php\/wp-json\/wp\/v2\/pages\/987510540\/revisions\/987510541"}],"wp:attachment":[{"href":"https:\/\/jaws-fishing.com\/index.php\/wp-json\/wp\/v2\/media?parent=987510540"}],"curies":[{"name":"wp","href":"https:\/\/api.w.org\/{rel}","templated":true}]}}