{"id":987511097,"date":"2025-03-24T19:29:12","date_gmt":"2025-03-24T18:29:12","guid":{"rendered":"https:\/\/jaws-fishing.com\/?post_type=product&#038;p=987511097"},"modified":"2025-03-24T19:30:19","modified_gmt":"2025-03-24T18:30:19","slug":"sweat-shirt-monster-pike-zone","status":"publish","type":"product","link":"https:\/\/jaws-fishing.com\/index.php\/produit\/sweat-shirt-monster-pike-zone\/","title":{"rendered":"SWEAT-SHIRT MONSTER PIKE ZONE"},"content":{"rendered":"<p>Ce design unique met en avant la <strong>cartographie du lac L\u00e9man<\/strong>, symbole mythique pour les p\u00eacheurs de troph\u00e9es, accompagn\u00e9e de l\u2019inscription <strong>\u201cMONSTER PIKE ZONE\u201d<\/strong> et de coordonn\u00e9es GPS myst\u00e9rieuses&#8230;.. Une pi\u00e8ce qui r\u00e9sonne avec l\u2019\u00e2me des p\u00eacheurs de tr\u00e8s tr\u00e8s gros poissons.<\/p>\n<p>Confectionn\u00e9 en <strong>80% coton premium<\/strong> avec un grammage de <strong>320 GSM<\/strong>, ce sweat-shirt offre un confort exceptionnel et une durabilit\u00e9 hors normes. Pens\u00e9 pour les passionn\u00e9s de p\u00eache et les amateurs de style streetwear, il t\u2019accompagne des rives du L\u00e9man aux rues de la ville.<\/p>\n<p>Affiche ta passion et revendique ton appartenance au monde des p\u00eacheurs en qu\u00eate de records. Avec le <strong>\u201cMONSTER PIKE ZONE\u201d<\/strong>, JAWS te plonge au c\u0153ur des plus grandes aventures sur l&rsquo;eau.<\/p>\n<p><strong>Caract\u00e9ristiques :<\/strong><br \/>Mati\u00e8re : 80% coton ultra-qualitatif.<br \/>Grammage : 320 GSM, pour une tenue et un toucher premium.<br \/>Coupe : Moderne, d\u00e9contract\u00e9e et adapt\u00e9e \u00e0 un usage quotidien.<br \/>Design : Cartographie du lac L\u00e9man, inscription \u201cBIG PIKE ZONE\u201d et coordonn\u00e9es GPS.<\/p>\n<p><strong>Explore. Conquiers. Domine. Les grands lacs t&rsquo;attendent.<\/strong> <\/p>\n","protected":false},"excerpt":{"rendered":"<p>Entre dans le territoire des brochets g\u00e9ants avec le sweat-shirt <strong>\u201cMONSTER PIKE ZONE\u201d<\/strong>. <\/p>\n","protected":false},"featured_media":987511099,"comment_status":"open","ping_status":"closed","template":"","meta":{"_et_pb_use_builder":"","_et_pb_old_content":"","_et_gb_content_width":""},"product_brand":[],"product_cat":[91,152],"product_tag":[],"class_list":{"0":"post-987511097","1":"product","2":"type-product","3":"status-publish","4":"has-post-thumbnail","6":"product_cat-vetements","7":"product_cat-sweat-shirt","9":"first","10":"instock","11":"taxable","12":"shipping-taxable","13":"purchasable","14":"product-type-variable","15":"has-default-attributes"},"yoast_head":"<!-- This site is optimized with the Yoast SEO plugin v25.6 - https:\/\/yoast.com\/wordpress\/plugins\/seo\/ -->\n<title>SWEAT-SHIRT MONSTER PIKE ZONE - JAWS<\/title>\n<meta name=\"robots\" content=\"index, follow, max-snippet:-1, max-image-preview:large, max-video-preview:-1\" \/>\n<link rel=\"canonical\" href=\"https:\/\/jaws-fishing.com\/index.php\/produit\/sweat-shirt-monster-pike-zone\/\" \/>\n<meta property=\"og:locale\" content=\"fr_FR\" \/>\n<meta property=\"og:type\" content=\"article\" \/>\n<meta property=\"og:title\" content=\"SWEAT-SHIRT MONSTER PIKE ZONE - JAWS\" \/>\n<meta property=\"og:description\" content=\"Entre dans le territoire des brochets g\u00e9ants avec le sweat-shirt \u201cMONSTER PIKE ZONE\u201d.\" \/>\n<meta property=\"og:url\" content=\"https:\/\/jaws-fishing.com\/index.php\/produit\/sweat-shirt-monster-pike-zone\/\" \/>\n<meta property=\"og:site_name\" content=\"JAWS\" \/>\n<meta property=\"article:modified_time\" content=\"2025-03-24T18:30:19+00:00\" \/>\n<meta property=\"og:image\" content=\"https:\/\/jaws-fishing.com\/wp-content\/uploads\/2024\/12\/sweat-arriere-monster-pike-zone.png\" \/>\n\t<meta property=\"og:image:width\" content=\"800\" \/>\n\t<meta property=\"og:image:height\" content=\"800\" \/>\n\t<meta property=\"og:image:type\" content=\"image\/png\" \/>\n<meta name=\"twitter:card\" content=\"summary_large_image\" \/>\n<meta name=\"twitter:label1\" content=\"Dur\u00e9e de lecture estim\u00e9e\" \/>\n\t<meta name=\"twitter:data1\" content=\"1 minute\" \/>\n<script type=\"application\/ld+json\" class=\"yoast-schema-graph\">{\"@context\":\"https:\/\/schema.org\",\"@graph\":[{\"@type\":\"WebPage\",\"@id\":\"https:\/\/jaws-fishing.com\/index.php\/produit\/sweat-shirt-monster-pike-zone\/\",\"url\":\"https:\/\/jaws-fishing.com\/index.php\/produit\/sweat-shirt-monster-pike-zone\/\",\"name\":\"SWEAT-SHIRT MONSTER PIKE ZONE - JAWS\",\"isPartOf\":{\"@id\":\"https:\/\/jaws-fishing.com\/#website\"},\"primaryImageOfPage\":{\"@id\":\"https:\/\/jaws-fishing.com\/index.php\/produit\/sweat-shirt-monster-pike-zone\/#primaryimage\"},\"image\":{\"@id\":\"https:\/\/jaws-fishing.com\/index.php\/produit\/sweat-shirt-monster-pike-zone\/#primaryimage\"},\"thumbnailUrl\":\"https:\/\/jaws-fishing.com\/wp-content\/uploads\/2024\/12\/sweat-arriere-monster-pike-zone.png\",\"datePublished\":\"2025-03-24T18:29:12+00:00\",\"dateModified\":\"2025-03-24T18:30:19+00:00\",\"breadcrumb\":{\"@id\":\"https:\/\/jaws-fishing.com\/index.php\/produit\/sweat-shirt-monster-pike-zone\/#breadcrumb\"},\"inLanguage\":\"fr-FR\",\"potentialAction\":[{\"@type\":\"ReadAction\",\"target\":[\"https:\/\/jaws-fishing.com\/index.php\/produit\/sweat-shirt-monster-pike-zone\/\"]}]},{\"@type\":\"ImageObject\",\"inLanguage\":\"fr-FR\",\"@id\":\"https:\/\/jaws-fishing.com\/index.php\/produit\/sweat-shirt-monster-pike-zone\/#primaryimage\",\"url\":\"https:\/\/jaws-fishing.com\/wp-content\/uploads\/2024\/12\/sweat-arriere-monster-pike-zone.png\",\"contentUrl\":\"https:\/\/jaws-fishing.com\/wp-content\/uploads\/2024\/12\/sweat-arriere-monster-pike-zone.png\",\"width\":800,\"height\":800,\"caption\":\"tee shirt monster pike zone, mettant en avant le lac l\u00e9man et sa cartographie avec un point GPS myst\u00e9rieux peut \u00eatre un hot spot pour les p\u00eacheurs de brochets ?\"},{\"@type\":\"BreadcrumbList\",\"@id\":\"https:\/\/jaws-fishing.com\/index.php\/produit\/sweat-shirt-monster-pike-zone\/#breadcrumb\",\"itemListElement\":[{\"@type\":\"ListItem\",\"position\":1,\"name\":\"Accueil\",\"item\":\"https:\/\/jaws-fishing.com\/\"},{\"@type\":\"ListItem\",\"position\":2,\"name\":\"Boutique\",\"item\":\"https:\/\/jaws-fishing.com\/index.php\/boutique\/\"},{\"@type\":\"ListItem\",\"position\":3,\"name\":\"SWEAT-SHIRT MONSTER PIKE ZONE\"}]},{\"@type\":\"WebSite\",\"@id\":\"https:\/\/jaws-fishing.com\/#website\",\"url\":\"https:\/\/jaws-fishing.com\/\",\"name\":\"JAWS\",\"description\":\"HANDMADE FISHING LURES\",\"publisher\":{\"@id\":\"https:\/\/jaws-fishing.com\/#organization\"},\"potentialAction\":[{\"@type\":\"SearchAction\",\"target\":{\"@type\":\"EntryPoint\",\"urlTemplate\":\"https:\/\/jaws-fishing.com\/?s={search_term_string}\"},\"query-input\":{\"@type\":\"PropertyValueSpecification\",\"valueRequired\":true,\"valueName\":\"search_term_string\"}}],\"inLanguage\":\"fr-FR\"},{\"@type\":\"Organization\",\"@id\":\"https:\/\/jaws-fishing.com\/#organization\",\"name\":\"JAWS\",\"url\":\"https:\/\/jaws-fishing.com\/\",\"logo\":{\"@type\":\"ImageObject\",\"inLanguage\":\"fr-FR\",\"@id\":\"https:\/\/jaws-fishing.com\/#\/schema\/logo\/image\/\",\"url\":\"https:\/\/jaws-fishing.com\/wp-content\/uploads\/2020\/12\/web-agency-logo-3.png\",\"contentUrl\":\"https:\/\/jaws-fishing.com\/wp-content\/uploads\/2020\/12\/web-agency-logo-3.png\",\"width\":200,\"height\":200,\"caption\":\"JAWS\"},\"image\":{\"@id\":\"https:\/\/jaws-fishing.com\/#\/schema\/logo\/image\/\"}}]}<\/script>\n<!-- \/ Yoast SEO plugin. -->","yoast_head_json":{"title":"SWEAT-SHIRT MONSTER PIKE ZONE - JAWS","robots":{"index":"index","follow":"follow","max-snippet":"max-snippet:-1","max-image-preview":"max-image-preview:large","max-video-preview":"max-video-preview:-1"},"canonical":"https:\/\/jaws-fishing.com\/index.php\/produit\/sweat-shirt-monster-pike-zone\/","og_locale":"fr_FR","og_type":"article","og_title":"SWEAT-SHIRT MONSTER PIKE ZONE - JAWS","og_description":"Entre dans le territoire des brochets g\u00e9ants avec le sweat-shirt \u201cMONSTER PIKE ZONE\u201d.","og_url":"https:\/\/jaws-fishing.com\/index.php\/produit\/sweat-shirt-monster-pike-zone\/","og_site_name":"JAWS","article_modified_time":"2025-03-24T18:30:19+00:00","og_image":[{"width":800,"height":800,"url":"https:\/\/jaws-fishing.com\/wp-content\/uploads\/2024\/12\/sweat-arriere-monster-pike-zone.png","type":"image\/png"}],"twitter_card":"summary_large_image","twitter_misc":{"Dur\u00e9e de lecture estim\u00e9e":"1 minute"},"schema":{"@context":"https:\/\/schema.org","@graph":[{"@type":"WebPage","@id":"https:\/\/jaws-fishing.com\/index.php\/produit\/sweat-shirt-monster-pike-zone\/","url":"https:\/\/jaws-fishing.com\/index.php\/produit\/sweat-shirt-monster-pike-zone\/","name":"SWEAT-SHIRT MONSTER PIKE ZONE - JAWS","isPartOf":{"@id":"https:\/\/jaws-fishing.com\/#website"},"primaryImageOfPage":{"@id":"https:\/\/jaws-fishing.com\/index.php\/produit\/sweat-shirt-monster-pike-zone\/#primaryimage"},"image":{"@id":"https:\/\/jaws-fishing.com\/index.php\/produit\/sweat-shirt-monster-pike-zone\/#primaryimage"},"thumbnailUrl":"https:\/\/jaws-fishing.com\/wp-content\/uploads\/2024\/12\/sweat-arriere-monster-pike-zone.png","datePublished":"2025-03-24T18:29:12+00:00","dateModified":"2025-03-24T18:30:19+00:00","breadcrumb":{"@id":"https:\/\/jaws-fishing.com\/index.php\/produit\/sweat-shirt-monster-pike-zone\/#breadcrumb"},"inLanguage":"fr-FR","potentialAction":[{"@type":"ReadAction","target":["https:\/\/jaws-fishing.com\/index.php\/produit\/sweat-shirt-monster-pike-zone\/"]}]},{"@type":"ImageObject","inLanguage":"fr-FR","@id":"https:\/\/jaws-fishing.com\/index.php\/produit\/sweat-shirt-monster-pike-zone\/#primaryimage","url":"https:\/\/jaws-fishing.com\/wp-content\/uploads\/2024\/12\/sweat-arriere-monster-pike-zone.png","contentUrl":"https:\/\/jaws-fishing.com\/wp-content\/uploads\/2024\/12\/sweat-arriere-monster-pike-zone.png","width":800,"height":800,"caption":"tee shirt monster pike zone, mettant en avant le lac l\u00e9man et sa cartographie avec un point GPS myst\u00e9rieux peut \u00eatre un hot spot pour les p\u00eacheurs de brochets ?"},{"@type":"BreadcrumbList","@id":"https:\/\/jaws-fishing.com\/index.php\/produit\/sweat-shirt-monster-pike-zone\/#breadcrumb","itemListElement":[{"@type":"ListItem","position":1,"name":"Accueil","item":"https:\/\/jaws-fishing.com\/"},{"@type":"ListItem","position":2,"name":"Boutique","item":"https:\/\/jaws-fishing.com\/index.php\/boutique\/"},{"@type":"ListItem","position":3,"name":"SWEAT-SHIRT MONSTER PIKE ZONE"}]},{"@type":"WebSite","@id":"https:\/\/jaws-fishing.com\/#website","url":"https:\/\/jaws-fishing.com\/","name":"JAWS","description":"HANDMADE FISHING LURES","publisher":{"@id":"https:\/\/jaws-fishing.com\/#organization"},"potentialAction":[{"@type":"SearchAction","target":{"@type":"EntryPoint","urlTemplate":"https:\/\/jaws-fishing.com\/?s={search_term_string}"},"query-input":{"@type":"PropertyValueSpecification","valueRequired":true,"valueName":"search_term_string"}}],"inLanguage":"fr-FR"},{"@type":"Organization","@id":"https:\/\/jaws-fishing.com\/#organization","name":"JAWS","url":"https:\/\/jaws-fishing.com\/","logo":{"@type":"ImageObject","inLanguage":"fr-FR","@id":"https:\/\/jaws-fishing.com\/#\/schema\/logo\/image\/","url":"https:\/\/jaws-fishing.com\/wp-content\/uploads\/2020\/12\/web-agency-logo-3.png","contentUrl":"https:\/\/jaws-fishing.com\/wp-content\/uploads\/2020\/12\/web-agency-logo-3.png","width":200,"height":200,"caption":"JAWS"},"image":{"@id":"https:\/\/jaws-fishing.com\/#\/schema\/logo\/image\/"}}]}},"_links":{"self":[{"href":"https:\/\/jaws-fishing.com\/index.php\/wp-json\/wp\/v2\/product\/987511097","targetHints":{"allow":["GET"]}}],"collection":[{"href":"https:\/\/jaws-fishing.com\/index.php\/wp-json\/wp\/v2\/product"}],"about":[{"href":"https:\/\/jaws-fishing.com\/index.php\/wp-json\/wp\/v2\/types\/product"}],"replies":[{"embeddable":true,"href":"https:\/\/jaws-fishing.com\/index.php\/wp-json\/wp\/v2\/comments?post=987511097"}],"wp:featuredmedia":[{"embeddable":true,"href":"https:\/\/jaws-fishing.com\/index.php\/wp-json\/wp\/v2\/media\/987511099"}],"wp:attachment":[{"href":"https:\/\/jaws-fishing.com\/index.php\/wp-json\/wp\/v2\/media?parent=987511097"}],"wp:term":[{"taxonomy":"product_brand","embeddable":true,"href":"https:\/\/jaws-fishing.com\/index.php\/wp-json\/wp\/v2\/product_brand?post=987511097"},{"taxonomy":"product_cat","embeddable":true,"href":"https:\/\/jaws-fishing.com\/index.php\/wp-json\/wp\/v2\/product_cat?post=987511097"},{"taxonomy":"product_tag","embeddable":true,"href":"https:\/\/jaws-fishing.com\/index.php\/wp-json\/wp\/v2\/product_tag?post=987511097"}],"curies":[{"name":"wp","href":"https:\/\/api.w.org\/{rel}","templated":true}]}}